4. Is o prime?
False
Suppose a - 19 = 4*u, 0*a + 2*a = u + 24. Let p(l) = l**3 - 4*l**2 - 3*l - 5. Let c be p(5). Suppose 19 + a = c*j. Is j a prime number?
False
Suppose -1 = -d + 1. Suppose 5 = -d*w + 69. Let j = w + -1. Is j a composite number?
False
Suppose 4*r - 8*r = 32. Is (-2)/r - 27/(-4) composite?
False
Let t be (1354/5)/(4/(-20)). Is (t - -3)*(0 + -1) prime?
False
Let c(z) = -z**2 - 6*z - 5. Let n be c(-4). Suppose -3*j + 68 = -t - t, -2*j = -n*t - 52. Suppose 2*u = -s + j, 51 = 5*u + 3*s - s. Is u a prime number?
True
Let f be 3 + 9/(-3) + 4. Suppose 55 = f*p - 77. Is p a composite number?
True
Suppose -q = -5*j + 6, 0*j - 10 = 3*j - 4*q. Suppose 0*z - 12 = j*z. Is (266/3)/((-4)/z) composite?
True
Suppose 0 = -4*q + 5*q - 53. Let x = 13 + 3. Suppose -q = -v - x. Is v composite?
False
Let j = -1 - -3. Suppose 5*q = -3*q + 32. Suppose n - 3*g - 132 = j*g, 2*g - 506 = -q*n. Is n composite?
False
Let x be 2 + 2 - (-1 - 1). Suppose -96 = -3*m + u, m - 2*u = x*m - 149. Is m composite?
False
Suppose 0 = 5*p + 19 + 11. Is p/(-21) + 1242/14 a prime number?
True
Suppose 4*s + 66 = 2*y, -s + y = -y + 21. Is 10/4*(-582)/s a composite number?
False
Suppose -10 = -4*n - 2. Suppose -6*c = -n*c - 100. Is c prime?
False
Let u = 10 - 5. Suppose -u = -2*j - 5*b + 253, 2*b + 468 = 4*j. Is j a prime number?
False
Let c be 7 - (-4)/(-6)*3. Suppose 164 + 321 = c*h. Is h a composite number?
False
Let b(h) = -h + 7. Let q be b(5). Let k = 3 - q. Is (87 - (-1)/k) + 1 a composite number?
False
Let q(f) = -f + 4. Let i be q(-9). Suppose i = 4*r - 15. Is r a prime number?
True
Let r(b) be the third derivative of -b**6/120 + 7*b**5/60 - b**4/4 - 7*b**3/6 + 2*b**2. Is r(5) a composite number?
False
Let t(g) = -g**3 + 7*g**2 + g - 5. Let x be t(7). Suppose -x*d = 2*d - 4. Is ((-39)/9)/(d/(-3)) a composite number?
False
Suppose 0 = -g + 9 - 1. Let s be (-485 - -1)*12/g. Let u = -475 - s. Is u a prime number?
True
Let t be (-1 + 54)/((-2)/4). Let b be ((-7)/(-21))/(2/6). Is 2/(b/(t/(-4))) prime?
True
Let c(n) = 11*n**2 - 1. Let f be c(1). Suppose w = 2*m + 2 - 0, 5*w + m - f = 0. Suppose q + 139 = 4*i, 3*q - 5 = -w. Is i composite?
True
Suppose -6*i + 20 = -2*i. Is 254/i + (-1)/(-5) composite?
True
Let z be (54/(-5) + 0)*-5. Suppose -8 = -p + z. Suppose 2*v - p = -0*v. Is v a prime number?
True
Let q be -4 - 2/(-2)*1. Let d = q + 5. Suppose 0 = -0*a + d*a - 106. Is a composite?
False
Suppose 0 = -4*a - 2*c + 3016, -c = -2*a + 3*c + 1498. Is a a prime number?
False
Suppose 5 = -5*h, -3*f + 3764 - 33 = -2*h. Is f prime?
False
Let h(k) = 0 - k**3 - 2 + 12*k**2 - 8 - 7*k. Is h(11) a prime number?
False
Suppose 435 = 3*u + 3*j, 0 = u + u + j - 286. Is u composite?
True
Let t(a) = -67*a**3 + a**2 + a - 1. Let p be t(1). Let i be (-4)/(-14) + p/(-14). Suppose 4*w + 113 = 3*h + 8*w, 3*w + 140 = i*h. Is h a prime number?
True
Let f = -118 - -258. Suppose -q - 80 + 30 = -2*t, 0 = -5*t - 5*q + f. Is t a composite number?
True
Let d be (-49)/21 + (-2)/3. Let t(r) = 3*r**2 - 2*r. Is t(d) prime?
False
Suppose 2*b + 2*b = -4*i + 24, -5*b = -5*i + 10. Let z be 3/6 - (-2)/i. Suppose 0 = 3*r + 3*u - 6, 2*u = -r + z - 3. Is r prime?
False
Let n(t) = 4*t**3 + t**2. Let r be n(1). Suppose s = 3*o - 1118, -2*o = -r*s - 596 - 171. Is o a prime number?
False
Suppose -2*m - 8292 = -14*m. Is m composite?
False
Let i = -223 - -132. Let v be (2 + -2)/1 - i. Suppose -4*x + 121 = -v. Is x a composite number?
False
Suppose 92 = -4*a + 612. Suppose a = 3*g - 29. Is g a composite number?
False
Suppose -v + 103 + 76 = 0. Let i = v + -114. Is i prime?
False
Let f = 922 + -408. Is f a prime number?
False
Suppose 5*n = -4*d + 1881, n - 99 - 266 = 2*d. Is n a composite number?
False
Suppose 0*v + v = -h + 375, h = 2*v - 762. Is v a composite number?
False
Suppose -p = 2*o - 2, o - 5*o + p + 10 = 0. Let l be 8/(-5)*35/(-14). Suppose l*v - k - 80 = 0, 5*v - o*k - 13 - 90 = 0. Is v a composite number?
False
Let o(q) = -5*q - 3. Suppose s + 36 = -2*s. Is o(s) a prime number?
False
Suppose 15 = -3*v - 3*x, -5*x - 17 - 3 = 0. Let m(n) = 3 + 102*n**2 + 1 - 11*n**2 - 5 - n. Is m(v) a composite number?
True
Let o(r) = -r**3 - 9*r**2 - 8*r - 6. Let p be o(-8). Let b(d) = -d**3 - 5*d**2 - 5*d - 5. Let t be b(p). Is 3*(-4)/6 + t a composite number?
False
Suppose -5*l + 0*l = -320. Let o be (-143)/(-66) + (-1)/6. Suppose o*u - l = 10. Is u composite?
False
Let h(p) = 3*p**3 - p**2. Let w be h(1). Suppose -w*b - 189 = -3*b. Suppose 4*q + 41 = b. Is q composite?
False
Let h be -1 + 0 + 1 - 1. Let v = -6 - h. Let b = v - -19. Is b a prime number?
False
Let c be 36*2 + -2 + 4. Let z(q) = q - 4. Let d be z(8). Is 2*c/d*1 a prime number?
True
Suppose 2*o - 3*o - a - 3 = 0, 15 = -2*o - 5*a. Suppose o = 4*h - 23 - 1. Suppose -r = r - h, -5*m + 5*r = -370. Is m prime?
False
Is (-1)/(95/210 + (-3)/6) composite?
True
Let o = 24 + -15. Let g be (-392)/70 - (-4)/(-10). Let c = o + g. Is c a composite number?
False
Let o be 0/(2*(-1 + 2)). Suppose p - 10 + 1 = o. Suppose 2*k + 5*u + 19 = 0, -p*k - 5*u - 10 = -4*k. Is k prime?
True
Let c = -56 - -35. Let g be (-368)/6 + 14/c. Let a = g + 151. Is a prime?
True
Let q(a) be the first derivative of 16*a**3/3 + 2*a**2 + 2*a - 2. Is q(-2) prime?
False
Suppose 3*s + s - 34 = -2*u, -u + 14 = s. Let c(y) = y + 8. Is c(u) composite?
False
Let c(b) = -b**2 - 3*b + 2. Let k be c(-5). Let z be ((-63)/(-6))/((-6)/k). Is (-4)/z - (-102)/14 a prime number?
True
Let x be (-25)/(4/2 + -3). Let b = 49 + x. Is b prime?
False
Let t(g) = -g + 11. Let i be t(8). Suppose i*r = r. Suppose r*u + 4 = 2*u. Is u prime?
True
Let f(i) = 2*i - 1. Let j be f(3). Suppose 2*o = -r - 11, -6*r = -5*o - 2*r + j. Is (1 - 2)/(o/57) a prime number?
True
Suppose 2*o - 6998 = 4*x, -5*o + 2*x = -0*x - 17455. Is o composite?
True
Let m(v) = -v**2 - 4*v. Let g be m(-4). Suppose -2*d + 149 = 5*x - 120, -5*d + 10 = g. Is x a prime number?
True
Suppose 2*w - x + 5 = 0, 0*w + 3*x = 2*w + 15. Suppose -4*v + w + 12 = 0. Is -3*(-5)/v + -3 prime?
True
Let h(i) = -i**3 + 2*i**2 + 6*i - 4. Let x be h(4). Let m = x - -20. Let f(s) = s**2 + 9*s - 9. Is f(m) a composite number?
False
Suppose 0 = -2*k - 2*k + 484. Is k prime?
False
Suppose 504 = -3*x - 2*g, -4*x = 5*g + 599 + 66. Let l = -88 - x. Is l prime?
False
Let o be 4/(-14) - 111/(-21). Suppose -19 = -h + 4*s, -o*h + 74 = 3*s - 2*s. Is h a prime number?
False
Suppose -5*g = -2*s + 41, -2*g - 4*s = -3*g - 1. Is (g/3 - 2)*-7 prime?
False
Suppose n + o - 1 = 0, 0*o + 2*o - 2 = 2*n. Suppose 4*p - 7*p + 45 = n. Is p a prime number?
False
Let m(p) = -p**2 + 13*p + 13. Is m(10) prime?
True
Let w = 2648 + -977. Is w composite?
True
Suppose -2*k + 1148 = -404. Suppose -3*m + 5*z = -k, 1287 = 5*m - 2*z - 0*z. Is m a composite number?
False
Let y(u) = 12*u**2 - u - 3. Is y(4) a prime number?
False
Let g = -2793 + 4742. Is g a prime number?
True
Let o(z) = z**3 + 3*z**2 - z - 3. Let j be o(-3). Suppose j = -5*w + u + 465, 4*w + u - 396 = -3*u. Is w a composite number?
True
Suppose 5*u = 4*g + g + 10, 2*u = 3*g + 1. Suppose u*a + t - 7171 = 1046, -5*a + 8205 = 5*t. Is a/28 - 2/(-7) prime?
True
Suppose 3572 = 8*h - 5956. Is h prime?
False
Suppose -5*k - 274 = -2*n, -3*k - 516 = -4*n - k. Is n prime?
True
Suppose 16 = -2*k + 6*k. Suppose k*p - 4*u + 210 - 1134 = 0, -4*u = -3*p + 689. Is p prime?
False
Let x(r) = r**3 - 14*r**2 - 47*r + 47. Is x(20) composite?
True
Let y = 116 + 75. Is y prime?
True
Suppose 4*j - 527 - 109 = 0. Is j prime?
False
Suppose 0 = -0*h - h + 3. Suppose h*i = -2*i + 10. Suppose 17 = -i*g + 43. Is g a prime number?
True
Suppose 2*s + 2 = 10. Suppose 0*h + 4*h = 2*n + 264, -262 = -s*h + 3*n. Is h a prime number?
True
Let s(u) = u**3 - 2*u**2 + u + 2. Suppose 0 = -4*l - l - 20. Let d = 7 + l. Is s(d) a prime number?
False
Let x be 93 - (-1 + 3) - -3. Suppose x = -5*b - 26. Is -3 - 0 - b*1 prime?
False
Let r be (1 + 7)/((-4)/354). Is r/(1 - 5) + 2 prime?
True
Suppose 4*r - 1236 = 2*p, r + r = 4*p + 606. Is r composite?
False
Suppose 6*c - 4*c = 586. Is c a composite number?
False
Let y(u) = -u. Let q be y(-4). Suppose 38 = 3*p - 73. Suppose -3*n - p = -2*c + 121, q*n - 316 = -4*c. Is c a composite number?
False
Let y be (-4)/(-6) - (-32)/24. Suppose -y*i = i - 291. Let b